23824 is divided by 5955?
4
What is the remainder when 2358610 is divided by 54?
52
Calculate the remainder when 5791079 is divided by 922.
919
What is the remainder when 812276 is divided by 304?
292
Calculate the remainder when 4613 is divided by 345.
128
What is the remainder when 5140 is divided by 118?
66
Calculate the remainder when 1111 is divided by 47.
30
What is the remainder when 41594 is divided by 1728?
122
Calculate the remainder when 2507 is divided by 484.
87
What is the remainder when 2851 is divided by 311?
52
What is the remainder when 98474 is divided by 16396?
98
Calculate the remainder when 85332 is divided by 74.
10
What is the remainder when 13060 is divided by 4337?
49
What is the remainder when 6119 is divided by 781?
652
What is the remainder when 228677 is divided by 7?
1
Calculate the remainder when 28485 is divided by 356.
5
What is the remainder when 56216 is divided by 4323?
17
Calculate the remainder when 19553 is divided by 160.
33
What is the remainder when 357980 is divided by 226?
222
Calculate the remainder when 1374 is divided by 233.
209
What is the remainder when 14170 is divided by 1835?
1325
Calculate the remainder when 3081 is divided by 859.
504
Calculate the remainder when 21994 is divided by 12.
10
What is the remainder when 1870381 is divided by 11?
7
Calculate the remainder when 84627 is divided by 14102.
15
Calculate the remainder when 846 is divided by 594.
252
Calculate the remainder when 1308 is divided by 221.
203
Calculate the remainder when 6560 is divided by 3265.
30
What is the remainder when 14637 is divided by 1667?
1301
Calculate the remainder when 8354 is divided by 2053.
142
Calculate the remainder when 6291 is divided by 244.
191
What is the remainder when 1157985 is divided by 1142?
1139
What is the remainder when 5788 is divided by 160?
28
Calculate the remainder when 838 is divided by 13.
6
Calculate the remainder when 4768 is divided by 251.
250
What is the remainder when 1423 is divided by 85?
63
Calculate the remainder when 1479 is divided by 297.
291
Calculate the remainder when 117872 is divided by 401.
379
What is the remainder when 30678 is divided by 194?
26
Calculate the remainder when 681 is divided by 228.
225
What is the remainder when 7170 is divided by 653?
640
Calculate the remainder when 607 is divided by 340.
267
Calculate the remainder when 5674 is divided by 137.
57
What is the remainder when 29542 is divided by 69?
10
Calculate the remainder when 56560 is divided by 994.
896
What is the remainder when 14531 is divided by 97?
78
Calculate the remainder when 2196 is divided by 392.
236
What is the remainder when 10917 is divided by 3637?
6
Calculate the remainder when 453935 is divided by 29.
27
Calculate the remainder when 857324 is divided by 1691.
1678
Calculate the remainder when 1786 is divided by 6.
4
Calculate the remainder when 41960 is divided by 20959.
42
What is the remainder when 14146 is divided by 14077?
69
Calculate the remainder when 2621 is divided by 129.
41
What is the remainder when 4022 is divided by 161?
158
What is the remainder when 195539 is divided by 36?
23
What is the remainder when 422032 is divided by 60288?
16
Calculate the remainder when 1822 is divided by 564.
130
Calculate the remainder when 3613 is divided by 25.
13
Calculate the remainder when 11569 is divided by 3765.
274
What is the remainder when 369181 is divided by 14?
1
What is the remainder when 37366 is divided by 108?
106
Calculate the remainder when 27169 is divided by 1287.
142
What is the remainder when 39567 is divided by 618?
15
Calculate the remainder when 547396 is divided by 754.
746
What is the remainder when 29523 is divided by 47?
7
What is the remainder when 172735 is divided by 153?
151
Calculate the remainder when 16178291 is divided by 26.
25
Calculate the remainder when 21908 is divided by 1373.
1313
What is the remainder when 2111 is divided by 312?
239
Calculate the remainder when 3426284 is divided by 857.
855
Calculate the remainder when 369793 is divided by 5689.
8
Calculate the remainder when 1613 is divided by 67.
5
Calculate the remainder when 6557 is divided by 1636.
13
What is the remainder when 67953 is divided by 248?
1
What is the remainder when 3104594 is divided by 549?
548
What is the remainder when 13260 is divided by 211?
178
Calculate the remainder when 339102 is divided by 14.
8
What is the remainder when 2087 is divided by 562?
401
Calculate the remainder when 13254 is divided by 3309.
18
What is the remainder when 593859 is divided by 193?
191
What is the remainder when 120243 is divided by 147?
144
What is the remainder when 58331 is divided by 37?
19
What is the remainder when 18891 is divided by 18812?
79
Calculate the remainder when 47330 is divided by 376.
330
Calculate the remainder when 5087 is divided by 2092.
903
Calculate the remainder when 27539 is divided by 551.
540
What is the remainder when 24360 is divided by 9?
6
Calculate the remainder when 2686 is divided by 63.
40
What is the remainder when 30310 is divided by 4326?
28
Calculate the remainder when 95856 is divided by 63.
33
What is the remainder when 5362 is divided by 1752?
106
What is the remainder when 8219 is divided by 1170?
29
Calculate the remainder when 125184 is divided by 2051.
73
What is the remainder when 3935 is divided by 965?
75
What is the remainder when 241622 is divided by 12081?
2
What is the remainder when 68319 is divided by 1588?
35
Calculate the remainder when 571 is divided by 146.
133
What is the remainder when 4880 is divided by 2361?
158
What is the remainder when 136672 is divided by 150?
22
What is the remainder when 5516279 is divided by 180?
179
Calculate the remainder when 1344 is divided by 87.
39
Calculate the remainder when 35754 is divided by 261.
258
Calculate the remainder when 52575 is divided by 2389.
17
Calculate the remainder when 1104343 is divided by 485.
483
Calculate the remainder when 48385 is divided by 468.
181
What is the remainder when 1084 is divided by 1077?
7
What is the remainder when 28863 is divided by 64?
63
What is the remainder when 16077 is divided by 1785?
12
Calculate the remainder when 12125 is divided by 1599.
932
What is the remainder when 503691 is divided by 73?
64
Calculate the remainder when 19925 is divided by 6424.
653
What is the remainder when 299491 is divided by 243?
115
What is the remainder when 1235 is divided by 779?
456
Calculate the remainder when 1337 is divided by 2.
1
What is the remainder when 13459 is divided by 25?
9
Calculate the remainder when 123560 is divided by 14.
10
What is the remainder when 27373 is divided by 912?
13
Calculate the remainder when 2937 is divided by 245.
242
Calculate the remainder when 1813 is divided by 35.
28
What is the remainder when 4433 is divided by 1105?
13
What is the remainder when 3189 is divided by 537?
504
Calculate the remainder when 166012 is divided by 103.
79
Calculate the remainder when 284713 is divided by 57.
55
Calculate the remainder when 557853 is divided by 298.
295
What is the remainder when 2872 is divided by 103?
91
What is the remainder when 14207 is divided by 44?
39
Calculate the remainder when 34536 is divided by 245.
236
What is the remainder when 44160 is divided by 193?
156
Calculate the remainder when 3333340 is divided by 647.
643
What is the remainder when 7369 is divided by 56?
33
Calculate the remainder when 200780 is divided by 24.
20
Calculate the remainder when 6378 is divided by 2118.
24
Calculate the remainder when 115080 is divided by 168.
0
Calculate the remainder when 135537 is divided by 15.
12
What is the remainder when 3516 is divided by 1169?
9
Calculate the remainder when 24227 is divided by 33.
5
What is the remainder when 11908 is divided by 40?
28
What is the remainder when 15355 is divided by 966?
865
Calculate the remainder when 3908 is divided by 412.
200
Calculate the remainder when 3609 is divided by 214.
185
What is the remainder when 63911 is divided by 53?
46
Calculate the remainder when 11056 is divided by 1004.
12
Calculate the remainder when 1510 is divided by 1491.
19
What is the remainder when 47749 is divided by 129?
19
What is the remainder when 13728 is divided by 1241?
77